m. Determine u(-5).
-24
Suppose 3*q - 7 = 4*d, 4*d + 4 = -4*q + 32. Let n be (-742)/91 - d/(-13). Let h(u) = -u**3 - 8*u**2 - 2*u - 8. Determine h(n).
8
Let k(s) = -s - 2. Let q(n) = -2*n + 11. Let c be q(7). What is k(c)?
1
Suppose -i = -4*i + 3*u + 9, -5*i + u + 11 = 0. Let p(v) = -4 - v**i + 9*v**3 - 7 + 11 + 1. Determine p(-1).
-9
Let f(g) = g**3 + g**2 - 2*g - 1. Let p(d) = 16*d**2 - 16*d + 9. Let j(k) = f(k) + p(k). Give j(-18).
8
Let m(l) = -2*l + 10 - l + 3*l + l. Let n be m(-6). Suppose -5*c - a - 20 = -5*a, 4*a = c + n. Let s(p) = -3*p. Calculate s(c).
12
Suppose -47*h = -42*h. Let w(p) = -2*p**3 + 4*p**2 - p - 4. Let z(s) = 3*s**3 - 7*s**2 + 2*s + 7. Let k(b) = -5*w(b) - 3*z(b). What is k(h)?
-1
Let p(l) = -10*l + 11. Let h(r) = -12 - 14 + 8*r + 16 - 2. Let a(d) = -6*h(d) - 5*p(d). What is a(-7)?
3
Let b = 3544 + -3546. Suppose -6 = -3*r + 8*r - 2*h, -4*r - 12 = -4*h. Let n(m) = 2*m**2 + 0 + m**3 + r*m**2 - 2*m - 2. Calculate n(b).
2
Let s(d) = -2 + d + 3 + 0. Suppose 3*o - 49 = 17. Suppose 3*y + y + o = -2*j, 0 = 2*y + 2*j + 14. Give s(y).
-3
Let w = 3 + -3. Let n(g) = g**2 - 4 + g**2 - 3*g**2 + w*g**2 + 3*g. Suppose 54 - 57 = -i. Calculate n(i).
-4
Let v(h) = -h + 6. Suppose 4*u - 55 = -5*q, 5*u + 8 = 4*q + u. Calculate v(q).
-1
Let j(m) be the second derivative of -m**4/12 + m**3/2 + m**2 + m. Let a(r) = -3 - 17 - 3*r - 12*r**2 + 0*r**3 + 4*r**2 - r**3. Let z be a(-8). What is j(z)?
-2
Let p(h) = -h - 2. Suppose 0 = -4*o - 14 - 34. Let m be (-6)/o + (-1)/(-2). Let v = m - 1. Determine p(v).
-2
Let d(v) = -v**2 - 6*v - 3. Let z be 5*8/((-8)/1). What is d(z)?
2
Let c be (-2 + 12)/((-4 - 8)/6). Let u(j) = -j**3 - 5*j**2 - 4*j - 8. Calculate u(c).
12
Let f(p) be the third derivative of p**5/60 - p**4/8 - p**3 + 7*p**2. Let c = -1 + 6. Give f(c).
4
Let a = -578 - -581. Let c(q) be the third derivative of q**6/120 - q**5/20 + q**4/12 - q**3/3 - 5*q**2. Calculate c(a).
4
Let r be (5/(-5))/((-3)/21). Suppose 3*s - r*s = 20. Let h(z) = -z**3 - 6*z**2 - 4*z + 5. Calculate h(s).
0
Let y(h) = -6*h + 5. Suppose -2*a = -p - 3, 3*a + 29 = 5*p + 4*a. Let c(g) = 8 - 7 + 7*g - 7. Let k(f) = p*c(f) + 6*y(f). What is k(0)?
0
Let r(o) be the first derivative of -o**4 - 5. Suppose 0 = -5*x - 3*z + 4*z, 5*z = x + 24. Suppose b = -0*b - x. Determine r(b).
4
Let m(d) be the first derivative of d**4/4 + 8*d**3/3 - 9*d**2/2 + 4*d - 40. What is m(-9)?
4
Let a(h) = -h + 5. Let v be ((3*-16)/(-3))/2. Let f = v - 7. Suppose -3*w - 7 = -3*z - f, -2*w - 13 = z. Determine a(w).
10
Let t(p) = -p**2 - 7*p + 3. Let y = 375 + -381. Calculate t(y).
9
Let j be 3 + 1 + (0 - 2). Let y(v) = 2 - 5*v + 1 + 2*v - 2*v**j. Suppose -14*c + 19*c + 15 = 0. Calculate y(c).
-6
Let t(w) = -2*w + 7 + 8 - 18 + 10. What is t(5)?
-3
Suppose -4*m = 1 + 7. Let y(r) = 29*r**2 - 5*r - 6. Let q(h) = 6*h**2 - h - 1. Let u(c) = 5*q(c) - y(c). Determine u(m).
5
Let m(n) be the third derivative of -n**5/60 - n**4/3 + 7*n**3/3 + 5*n**2 + 48. Determine m(-10).
-6
Suppose -6*m + 3 = -3. Let q(i) = -2*i + 3 - i**2 + 5*i - 1 - m. Determine q(4).
-3
Let y(b) = b**2 - 2*b - 2. Let d(q) = q**2 - 2*q - 28. Let k be d(-5). Calculate y(k).
33
Let p(l) = -2*l**2 - 2*l + 3. Let m be -12 + 72/9 + 0/(-2). What is p(m)?
-21
Suppose 4*x + 24 = 2*r - 0, -5*r - 3*x = -21. Suppose 0 = 2*o - w + r - 1, 21 = -3*o - 3*w. Let a(v) = -3*v - 1. What is a(o)?
11
Let w(i) = -2*i**2 + 15*i + 3. Let h(g) = 5*g - 12. Let m be h(4). Determine w(m).
-5
Let q be 3*(-1 - (-20)/12). Let v = 5 - q. Suppose p = -4*f + 3, p + v = 5*f + 6. Let x(u) = -u - 1. Give x(p).
-4
Suppose -4*r - 5*p = r + 5, 0 = -4*p - 16. Let z(c) be the second derivative of c**5/20 - c**4/12 - 2*c**3/3 + c**2 + 83*c. Give z(r).
8
Let k = 161 + -159. Let d(c) = 4*c + 0*c**2 - 3*c**2 - 3 - k*c**2 + 3*c**2. What is d(4)?
-19
Let x(y) be the second derivative of -y**4/12 - y**3/3 + 11*y. Let r(m) = -3*m - 46. Let v be r(-14). Calculate x(v).
-8
Suppose 18 = 55*h - 18 - 19. Let s(p) = 2*p**2 - 4*p**2 + 2*p - 1 + 5*p**2. Determine s(h).
4
Let m(w) = 16*w + 2. Let o(c) = 8*c + 1. Suppose 0 = 4*v - k - 25, -3*v + v + 2*k = -20. Let g(b) = v*o(b) - 3*m(b). What is g(-1)?
7
Let f be 8/(-20)*-5*1. Suppose -f*s - 7 = 5*s. Let p(y) = -4*y**3 - 2*y**2 - 2*y - 1. What is p(s)?
3
Let q(r) = 2*r**2 + 5*r**2 + 5*r - 20 + r**3 + 17. Let a(f) = -f. Let i be a(-6). Suppose 18 = -9*t + i*t. Determine q(t).
3
Suppose -2*t = -3*t + 3. Suppose -4*j - b + 6 = 0, -5*b = -4*j + 7 + 11. Let h(w) = w**2 + 2*w + 16 + w**3 - j*w**2 - 2*w**2 - 18. What is h(t)?
4
Let n(j) be the second derivative of -j**4/24 + j**3/2 + 14*j**2 + 36*j. Let a(x) be the first derivative of n(x). What is a(-3)?
6
Let i(a) be the third derivative of a**6/120 - a**4/12 + a**3/2 - 94*a**2. Calculate i(2).
7
Suppose 3*b - 6 = -24. Let h(n) be the first derivative of 7/3*n**3 + 7/2*n**2 + 5*n + 1/4*n**4 + 3. Calculate h(b).
-1
Let n(s) = -s**2 + 5*s + 6. Let f be n(6). Suppose 0 = z + 2 - f. Let o(p) = -p + 13. Let u(t) = -t + 10. Let g(v) = 3*o(v) - 4*u(v). What is g(z)?
-3
Let i(g) = -7*g + 8. Let j(w) = -8*w + 31. Let h be j(3). Give i(h).
-41
Let b(s) = -2*s + 13. Let z be (57/6)/19 - 19/(-2). What is b(z)?
-7
Let h(n) = -3*n**3 + 6*n**2 + 12*n - 8. Let k(u) = 13*u**3 - 25*u**2 - 49*u + 32. Let w(t) = 9*h(t) + 2*k(t). What is w(6)?
-20
Let w(h) be the second derivative of 0*h**2 - 1/24*h**4 + 5/6*h**3 + 0 + h - 1/60*h**5. Let t(z) be the second derivative of w(z). Give t(-5).
9
Let c(a) = -2*a - 2*a + 11*a**2 - 10*a**2. Let p be c(2). Let u(h) = h - 2*h + 5*h - 3*h + 4. What is u(p)?
0
Let h(t) = -2*t + 3. Let v(n) be the first derivative of n**2 - 3*n - 45. Let m(x) = -6*h(x) - 5*v(x). Give m(-3).
-9
Let i be 38/(-8) - (-4)/(-16). Let s(h) = -h**3 - 5*h**2 + 4*h - 2. Let k(g) = -g**3 - 5*g**2 + 5*g - 1. Let a(l) = 4*k(l) - 5*s(l). Calculate a(i).
6
Let i(s) = s**3 - 9*s**2 + 9*s - 10. Let f be i(8). Let m = f + -2. Let c(t) = 52 + 0*t**2 + 2*t - 56 + t**2. Calculate c(m).
4
Let f = 162 + -159. Let t(o) = 3*o + 1. Determine t(f).
10
Let v(t) be the second derivative of t**4/12 - t**3/6 - 16*t**2 + 17*t + 7. What is v(0)?
-32
Let x(w) be the second derivative of w**5/20 + w**4/6 - w**2/2 - 2*w. Let b(a) = 0*a - 7 + 5*a - 4*a. Let v be b(6). Determine x(v).
0
Let b = 53 + -14. Let w(j) = 27*j - 1 - 82*j + b*j. Suppose 6*t - 8 = 2*m + 3*t, -3*t + 3 = 3*m. Determine w(m).
15
Let a(k) = -k**3 - 10*k**2 - k + 4. Let i(y) = 79*y + 69. Let s be i(-1). What is a(s)?
14
Let i(s) = -6*s - 8. Let l(j) = 31*j + 41. Let v(d) = 11*i(d) + 2*l(d). Let k(y) = -7*y - 11. Let f(b) = -3*k(b) + 5*v(b). Calculate f(-3).
0
Suppose 3*k = 3*q + 9, 5*k - 15 = 2*k. Suppose 0 = -q*p - 14 + 8. Let j(m) = m**3 + 4*m**2 + 2*m - 2. Let i be j(p). Let o(u) = -3*u**2 - 1. What is o(i)?
-4
Let b(x) be the third derivative of x**4/3 + 324*x**2. Calculate b(-2).
-16
Let d(m) = -m**3 - 2*m**2 + 5*m + 3. Let t(o) = o**3 + 2*o**2 - 6*o - 4. Let s(n) = 6*d(n) + 5*t(n). Let x = -133 + 130. Calculate s(x).
7
Let w(b) be the first derivative of b**2/2 + 19*b - 706. Determine w(17).
36
Let r(c) = -c**2 - 6*c - 6. Let v = 4 - 2. Suppose s + 7 = v*q, -q - s + 2 = -0*s. Suppose 8*x - q*x = -30. Calculate r(x).
-6
Let n(s) = 10*s**2 - 2*s + 1. Let k(q) be the second derivative of 0 - 1/6*q**3 - 5/2*q**2 - 4*q. Let c be k(-6). What is n(c)?
9
Let a(m) = m**2 + 3*m - 2. Let u be 1/4 + 6*(-6)/16. Give a(u).
-4
Let r(g) be the second derivative of g**4/12 - g**3/6 + 2*g**2 + g. Let a(w) = w**3 - 8*w**2 - 228*w + 1824. Let f be a(8). Calculate r(f).
4
Let j(y) = -y - 7. Let r = 58 + -54. Let l be (-3)/r - ((-105)/(-20) + 2). Calculate j(l).
1
Let f(x) = -4*x - 2. Let q = 3 - -1. Suppose 0*k - z = -5*k + 9, -3*k - q*z = 13. Let a be f(k). Let b(y) = -y**2 - 7*y + 1. Give b(a).
7
Let z = -11 - -17. Let y be 40/z + 14/42. Let r(a) = 2*a - 8. Calculate r(y).
6
Let u(g) = 10*g - 8*g**2 + 6*g**2 + 4 - g**3 - 3 + 3 + 11*g**2. What is u(10)?
4
Let f(g) = -g. Let o(n) = n**3 + 8*n**2 + 2*n - 2. Let r be o(-8). Let x = r - -25. Let c = 1 - x. What is f(c)?
6
Let u(d) be the first derivative of 0*d - 5 + 5/2*d**2 - 2/3*d**3 + 1/24*d**4. Let o(a) be the second derivative of u(a). What is o(0)?
-4
Let c(q) = -q**3 - 6*q**2 + 8. Let o = 1031 - 1037. What is c(o)?
8
Let x = -